5
Let k(r) = -16152*r - 177940. Calculate k(-11).
-268
Let a(z) = z**2 - 147*z - 4269. Calculate a(171).
-165
Let a(c) = -c**3 - 93*c**2 - 536*c + 12300. Give a(-85).
60
Let k(s) = 1077*s + 40921. Calculate k(-38).
-5
Let p(o) = 2178*o + 63798. Calculate p(-27).
4992
Let i(m) = -18*m**2 - 834*m + 8. Calculate i(-46).
284
Let h(i) = 1406*i**2 - 15450*i - 16. Give h(11).
160
Let k(b) = -702156*b + 9128029. Calculate k(13).
1
Let m(s) = s**3 - 59*s**2 - 3044*s - 273. Calculate m(-33).
-9
Let m(t) = -t**3 - 21*t**2 + 865*t - 5353. Calculate m(9).
2
Let i(r) = -126*r**3 - 560*r**2 + 77*r + 19. Determine i(-5).
1384
Let i(u) = -12*u**3 - 108*u**2 - 318*u + 1. Calculate i(-3).
307
Let u(w) = w**3 - 151*w**2 - 488*w - 78. Determine u(-3).
0
Let o(k) = -k**3 + 481*k**2 + 2916*k + 1. Calculate o(-6).
37
Let q(c) = -306522*c + 5517370. What is q(18)?
-26
Let o(l) = -11*l**2 - 1508*l - 2310. Determine o(-139).
-5229
Let y(a) = -1138*a - 2802. Give y(-2).
-526
Let p(a) = -325203*a - 13. What is p(0)?
-13
Let j(t) = 909*t - 186437. Give j(205).
-92
Let m(v) = -v**3 - 34*v**2 + 42*v + 1402. Determine m(-34).
-26
Let h(l) = 2*l**2 - 582*l - 36538. Determine h(-53).
-74
Let n(t) = 28*t**3 + 799*t**2 - 379*t - 41. Give n(-29).
17
Let v(y) = 2*y**3 - 222*y**2 - 1673*y - 142. Give v(-7).
5
Let z(t) = t**3 + 10*t**2 - 575*t - 5328. Determine z(-9).
-72
Let z(p) = -3*p**3 - 642*p**2 + 641*p - 540. Give z(-215).
320
Let v(t) = -21877*t + 328038. What is v(15)?
-117
Let k(c) = 2*c**3 - 1901*c**2 + 9480*c - 9. Give k(5).
116
Let j(l) = -4358*l**3 + 2*l**2 - 248*l + 245. Calculate j(1).
-4359
Let x(j) = 27*j**2 - 1556*j + 19819. Give x(19).
2
Let c(t) = -8493*t - 1715589. Determine c(-202).
-3
Let i(b) = -b**3 + 192*b**2 - 1636*b - 2906. Give i(183).
-893
Let t(q) = q**2 - 268*q - 217268. Calculate t(-351).
1
Let v(d) = -34881*d + 1185951. What is v(34)?
-3
Let d(v) = -4*v**3 - 208*v**2 + 166*v - 142. Give d(-53).
2296
Let a(s) = -5*s**3 - 246*s**2 - 736*s + 14. Determine a(-46).
14
Let h(r) = 2*r**3 - 212*r**2 + 4358*r + 682. What is h(78)?
-98
Let o(a) = -56012*a + 5433164. What is o(97)?
0
Let n(q) = q**3 + 7*q**2 - 4654*q - 1695. Calculate n(65).
-5
Let y(v) = -11*v**3 + 24*v**2 - 68*v + 410. What is y(7)?
-2663
Let f(u) = -901*u + 54021. What is f(60)?
-39
Let g(o) = 230*o + 480. What is g(-2)?
20
Let r(i) = 83733*i - 65. Calculate r(0).
-65
Let v(n) = 599*n**2 + 21484*n - 2890. What is v(-36)?
-10
Let g(s) = -3467*s - 17144. Give g(-5).
191
Let z(q) = -2*q**3 - 7*q**2 + 98*q - 432. Give z(6).
-528
Let g(h) = -23872*h**2 + 4535681*h - 179. Give g(190).
11
Let z(g) = -9*g**2 - 272*g - 57. What is z(-30)?
3
Let j(p) = -5*p**2 + 380*p + 27260. Give j(121).
35
Let g(p) = -15*p**2 - 162*p + 495. Give g(3).
-126
Let u(x) = 540*x + 27234. Calculate u(-50).
234
Let l(y) = -y**3 + 283*y**2 - 4518*y - 898. What is l(266)?
166
Let r(v) = 2*v**3 + 152*v**2 - 62*v - 4260. Determine r(-76).
452
Let y(r) = 4147*r**2 - 20727*r - 2. Give y(5).
38
Let q(l) = -2*l**3 + 248*l**2 - 245*l - 185. What is q(123)?
-62
Let g(u) = 2*u**3 - 2053*u**2 - 4536*u - 626670. Give g(1029).
-9
Let s(u) = 59755*u + 5198688. Determine s(-87).
3
Let o(a) = -a**3 + 6*a**2 + 14842*a - 103814. Determine o(7).
31
Let t(d) = 46*d**2 - 10379*d - 3847. Give t(226).
-5
Let v(y) = -y**3 + 151*y**2 + 460*y - 59. Determine v(154).
-367
Let r(h) = 591*h + 6466. Calculate r(-11).
-35
Let d(t) = t**2 - 77*t - 2083. Calculate d(94).
-485
Let r(w) = w**3 - 418*w**2 + 9441*w + 366. What is r(24)?
6
Let a(c) = -12*c**3 - 446*c**2 - 38*c + 116. Give a(-37).
-1216
Let t(c) = -2*c**3 + 3*c**2 + 716*c - 1436. What is t(2)?
-8
Let x(q) = -8*q**3 + 45*q**2 + 900*q + 15. Give x(14).
-517
Let r(c) = -115421*c + 2885537. Give r(25).
12
Let t(y) = -y**3 - 63*y**2 + 6633*y - 91891. Determine t(-123).
-10
Let g(d) = 52578*d - 368059. What is g(7)?
-13
Let c(h) = -1654*h**2 + 6576*h. Give c(4).
-160
Let o(i) = 2015*i - 15045. What is o(7)?
-940
Let k(d) = 6*d**2 + 9505*d - 57234. Calculate k(6).
12
Let y(k) = -k**3 + 43*k**2 - 74*k + 1258. Calculate y(42).
-86
Let u(m) = 5*m**3 - 82*m**2 + 310*m - 4450. Give u(16).
-2
Let u(s) = 158*s - 3988. Give u(26).
120
Let n(t) = -190447*t - 380887. Calculate n(-2).
7
Let y(t) = t**3 + 97*t**2 + 16*t + 1513. What is y(-97)?
-39
Let a(v) = -44975*v - 359814. Give a(-8).
-14
Let z(g) = -8697*g + 13036798. What is z(1499)?
-5
Let u(n) = 56619*n - 5208936. Calculate u(92).
12
Let j(k) = 586*k - 175864. Calculate j(301).
522
Let s(j) = -2*j**2 + 287*j + 3438. Calculate s(-11).
39
Let b(a) = -5*a**3 - 59*a**2 + 195*a - 150. What is b(2)?
-36
Let j(b) = b**2 - 815*b - 86425. Give j(-95).
25
Let o(i) = -444739*i + 3113219. What is o(7)?
46
Let u(y) = -2*y**3 - 138*y**2 + 3128*y + 99. Determine u(-87).
447
Let r(o) = 2*o**3 + 15*o**2 + 123*o + 674. Determine r(-5).
184
Let z(x) = -250*x - 1481. Calculate z(-4).
-481
Let a(f) = -4*f**3 + 67*f**2 + 198*f - 5. Determine a(-3).
112
Let v(l) = -l**2 + 302*l - 7610. What is v(275)?
-185
Let q(f) = 8192*f - 40283. Give q(5).
677
Let k(m) = -3*m**3 - 72*m**2 + 1449*m + 223. Give k(-37).
1
Let l(g) = -390*g - 14514. Give l(-38).
306
Let r(j) = 2*j**2 + 50628*j + 860106. Determine r(-17).
8
Let w(v) = v**3 - 17*v**2 + 950*v - 14942. Calculate w(16).
2
Let t(s) = 2*s**3 - 2282*s**2 + 68834*s - 15523. Give t(1110).
17
Let c(v) = 4612*v - 1152994. Give c(250).
6
Let n(p) = -p**2 - 4094*p + 3394284. Determine n(707).
-23
Let x(z) = 10*z**2 + 63*z - 6141. Give x(22).
85
Let j(k) = k**2 + 335*k + 25057. Calculate j(-221).
-137
Let i(r) = -1433*r**2 + 20065*r + 5. Calculate i(14).
47
Let d(f) = -48*f**2 - 38*f + 33. What is d(0)?
33
Let j(n) = 6*n**3 - 216*n**2 + 1104*n + 1. Determine j(5).
871
Let o(r) = -1469*r - 23718. Determine o(-16).
-214
Let o(v) = 865984*v - 17319682. Give o(20).
-2
Let l(s) = -100*s**2 - 422*s - 443. Give l(-2).
1
Let r(y) = 1662*y**2 + 8*y - 16. What is r(-1)?
1638
Let r(t) = 7422*t + 14825. Calculate r(-2).
-19
Let r(l) = -l**3 - 12*l**2 + 2306*l + 2072. Determine r(-54).
20
Let f(z) = -54*z**2 + 7844*z - 173. Determine f(145).
1857
Let s(m) = -87*m**2 + 1337*m - 4673. Calculate s(10).
-3
Let j(s) = -2*s**3 - 1173*s**2 + 553*s - 19946. What is j(-587)?
12
Let j(v) = -4*v**3 + 99*v**2 - 723*v + 18792. Calculate j(25).
92
Let l(k) = -k**2 + 113*k - 679. Determine l(107).
-37
Let l(r) = 26*r**2 + 3779*r + 19453. Determine l(-140).
-7
Let b(d) = -9*d**3 + 114*d**2 + 119*d + 22. Calculate b(14).
-664
Let o(t) = -3*t**3 - 4*t**2 - 18*t - 151. Calculate o(-4).
49
Let x(y) = 8*y**2 + 314*y + 2932. Calculate x(-15).
22
Let f(r) = 2*r**3 + 18*r**2 - 94*r - 289. Determine f(11).
3517
Let o(d) = 2*d**3 - 86*d**2 + 709*d + 1065. What is o(31)?
-20
Let j(h) = -39*h**3 - 104*h**2 + 470*h + 3. Give j(5).
-5122
Let s(r) = -3*r**2 + 1019*r - 35724. Determine s(300).
-24
Let x(b) = 3*b**3 - 462*b**2 + 12*b - 1873. What is x(154)?
-25
Let n(g) = 2*g**2 - 7385*g - 11077868. Determine n(-1145).
7
Let a(m) = 185*m + 52006. What is a(-281)?
21
Let h(r) = -r**3 - 4*r**2 - 381*r - 2322. Determine h(-6).
36
Let l(u) = 8013*u + 152266. Give l(-19).
19
Let y(n) = -3902*n + 93741. Calculate y(24).
93
Let j(s) = -s**3 + 11*s**2 + 72*s - 62. Determine j(-5).
-22
Let c(x) = x**3 + 81*x**2 + 71*x + 3837. Give c(-81).
-1914
Let x(h) = 223*h + 240. Give x(-3).
-429
Let c(w) = 2161*w - 73573. Calculate c(34).
-99
Let l(x) = x**3 - 43*x**2 + 67347*x - 2895915. Determine l(43).
6
Let p(y) = -6672*y + 93190. What is p(14)?
-218
Let r(v) = 423*v**2 + 6767*v + 1. Determine r(-16).
17
Let o(r) = r**3 - 268*r**2 - 3035*r + 377. What is o(-11)?
3
Let p(m) = m**3 + 39*m**2 + 267*m - 1527. Calculate p(-27).
12
Let o(s) = 2*s**3 + 23*s**2 + 6*s + 107. Give o(-12).
-109
Let i(s) = -2*s**2 + 147*s - 1635. Determine i(56).
325
Let k(q) = -19*q**2 + 42*q - 227. What is k(7)?
-864
Let z(t) = t**3 - 114*t**2 - 306*t + 8617. Determine z(116).
33
Let q(t) = -547*t - 116. Calculate q(0).
-116
Let z(b) = 2464*b - 2023. Calculate z(0).
-2023
Let m(i) = i**3 - 7*i**2 - 73*i - 334. Determine m(14).
16
Let h(p) = 148*p - 2559. Give h(17).
-43
Let j(b) = 11*b**2 - 9137*b - 36519. Determine j(-4).
205
Let b(s) = -397*s + 1167. Determine b(3).
-24
Let m(n) = -11*n**3 - n**2 + 2137*n + 2138. Determine